e factors of 23869371?
3, 661, 12037
List the prime factors of 1715958461.
7, 17, 14419819
List the prime factors of 118783518.
2, 3, 7, 2828179
List the prime factors of 51854467.
7, 7407781
What are the prime factors of 17107365?
3, 5, 11, 103681
What are the prime factors of 51212843?
11, 113, 41201
What are the prime factors of 172613?
7, 24659
What are the prime factors of 163081793?
7, 31, 751529
What are the prime factors of 5200666353?
3, 577851817
What are the prime factors of 288485284?
2, 19, 103, 137, 269
List the prime factors of 71038954.
2, 7, 17, 298483
List the prime factors of 4616887192.
2, 3391, 170189
What are the prime factors of 1942970477?
7, 17, 31, 59, 79, 113
List the prime factors of 399728954.
2, 19, 10519183
List the prime factors of 76786146.
2, 3, 4265897
What are the prime factors of 744249711?
3, 109, 2275993
List the prime factors of 433798885.
5, 13, 433, 15413
What are the prime factors of 224327662?
2, 13, 8627987
List the prime factors of 2955423966.
2, 3, 11, 44779151
List the prime factors of 4022093585.
5, 241, 3337837
List the prime factors of 499880495.
5, 17, 5880947
List the prime factors of 47874495.
3, 5, 73, 43721
What are the prime factors of 3408323394?
2, 3, 7, 61, 1330337
What are the prime factors of 333759867?
3, 7, 269, 59083
What are the prime factors of 76541565?
3, 5, 17, 300163
List the prime factors of 805036612.
2, 19, 2833, 3739
What are the prime factors of 743163485?
5, 148632697
List the prime factors of 6891218979.
3, 197, 11660269
What are the prime factors of 836858743?
7, 19, 67, 93913
List the prime factors of 628551703.
13, 751, 64381
What are the prime factors of 848061653?
281, 3018013
What are the prime factors of 1343608367?
29, 587, 78929
What are the prime factors of 2575086324?
2, 3, 214590527
List the prime factors of 58807924.
2, 7, 73, 28771
What are the prime factors of 1267275596?
2, 127, 2494637
List the prime factors of 12907605.
3, 5, 860507
What are the prime factors of 505488781?
7, 72212683
List the prime factors of 591974051.
17, 19, 127, 14431
What are the prime factors of 37672842?
2, 3, 6278807
List the prime factors of 4977157839.
3, 1659052613
List the prime factors of 1597816606.
2, 47, 233, 72953
List the prime factors of 139889892.
2, 3, 1907, 6113
What are the prime factors of 963746499?
3, 109, 467, 6311
What are the prime factors of 6967549779?
3, 2243, 1035451
List the prime factors of 105320238.
2, 3, 17553373
What are the prime factors of 141676500?
2, 3, 5, 7, 103, 131
What are the prime factors of 92618052?
2, 3, 127, 60773
What are the prime factors of 735804386?
2, 367902193
What are the prime factors of 2348230503?
3, 59, 13266839
What are the prime factors of 262555074?
2, 3, 23, 59, 3583
What are the prime factors of 135844367?
4391, 30937
List the prime factors of 2042693813.
281, 7269373
What are the prime factors of 716637?
3, 238879
List the prime factors of 43430392.
2, 97, 55967
List the prime factors of 391571903.
881, 444463
What are the prime factors of 10874291?
157, 69263
What are the prime factors of 25775034?
2, 3, 67, 97, 661
List the prime factors of 162671847.
3, 13, 23, 151, 1201
List the prime factors of 61931098.
2, 569, 54421
List the prime factors of 570371694.
2, 3, 43, 2210743
What are the prime factors of 31156129?
137, 277, 821
List the prime factors of 11977766.
2, 5988883
What are the prime factors of 319976982?
2, 3, 13, 1367423
What are the prime factors of 5399459145?
3, 5, 107, 1121383
What are the prime factors of 37341534?
2, 3, 83, 167, 449
What are the prime factors of 1675026224?
2, 31, 3377069
List the prime factors of 505738404.
2, 3, 520307
What are the prime factors of 405849133?
405849133
List the prime factors of 2894258511.
3, 37, 41, 59, 3593
List the prime factors of 359787836.
2, 3709, 24251
What are the prime factors of 852067212?
2, 3, 29, 173, 14153
List the prime factors of 540164171.
17, 31774363
List the prime factors of 86349140.
2, 5, 4317457
List the prime factors of 1280515405.
5, 13, 251, 78487
List the prime factors of 116153002.
2, 7, 2579, 3217
List the prime factors of 233888511.
3, 4657, 16741
What are the prime factors of 554436329?
554436329
What are the prime factors of 112317337?
11, 10210667
What are the prime factors of 53474364?
2, 3, 495133
List the prime factors of 1634255823.
3, 23, 23684867
List the prime factors of 105639112.
2, 29, 455341
List the prime factors of 66334764.
2, 3, 809, 6833
List the prime factors of 19483123.
11, 1771193
List the prime factors of 543878729.
543878729
List the prime factors of 133253416.
2, 16656677
What are the prime factors of 43473960?
2, 3, 5, 197, 613
List the prime factors of 170213545.
5, 34042709
List the prime factors of 4856025341.
38851, 124991
List the prime factors of 3615606207.
3, 197, 679753
List the prime factors of 21106381.
31, 163, 4177
List the prime factors of 9024495566.
2, 4512247783
What are the prime factors of 37309080?
2, 3, 5, 29, 71, 151
List the prime factors of 38979678.
2, 3, 19, 341927
List the prime factors of 267084955.
5, 53416991
What are the prime factors of 95310318?
2, 3, 15885053
What are the prime factors of 77577087?
3, 7, 3694147
List the prime factors of 1664723072.
2, 23, 565463
List the prime factors of 1431933909.
3, 7, 73, 133439
List the prime factors of 231507435.
3, 5, 29, 103, 5167
List the prime factors of 1234117097.
41, 30100417
What are the prime factors of 22760407?
397, 57331
List the prime factors of 5652004586.
2, 17, 166235429
What are the prime factors of 1850447574?
2, 3, 131, 784753
List the prime factors of 7847371556.
2, 1961842889
What are the prime factors of 509808975?
3, 5, 13, 522881
What are the prime factors of 829010450?
2, 5, 1283, 12923
List the prime factors of 4931494.
2, 2465747
List the prime factors of 1338963726.
2, 3, 1523, 146527
What are the prime factors of 98317010?
2, 5, 11, 59, 15149
List the prime factors of 25061803.
13, 181, 10651
What are the prime factors of 879378909?
3, 3613, 81131
List the prime factors of 75473219.
53, 1424023
List the prime factors of 398046321.
3, 127, 348247
List the prime factors of 74518997.
7, 10645571
List the prime factors of 1300911216.
2, 3, 11, 211, 11677
List the prime factors of 24276900.
2, 3, 5, 80923
What are the prime factors of 75791465?
5, 15158293
List the prime factors of 173552554.
2, 7, 12396611
What are the prime factors of 1682716716?
2, 3, 53, 167, 5281
What are the prime factors of 1148134918?
2, 7, 113, 725749
List the prime factors of 231797703.
3, 17, 23, 73, 2707
List the prime factors of 22421274.
2, 3, 23, 162473
What are the prime factors of 14976058?
2, 443, 16903
What are the prime factors of 45457775?
5, 11, 23, 7187
What are the prime factors of 39076124?
2, 787, 12413
List the prime factors of 1187376621.
3, 233, 1698679
What are the prime factors of 16719820?
2, 5, 13, 107, 601
List the prime factors of 849244976.
2, 19, 2793569
What are the prime factors of 1848759482?
2, 107, 8639063
List the prime factors of 224334370.
2, 5, 13, 41, 42089
What are the prime factors of 325760327?
325760327
List the prime factors of 52399381.
52399381
List the prime factors of 196392173.
41, 4790053
List the prime factors of 138092336.
2, 8630771
List the prime factors of 4969148274.
2, 3, 103, 2680231
What are the prime factors of 107004311?
2917, 36683
What are the prime factors of 1401188827?
619, 2263633
What are the prime factors of 1223332331?
13, 94102487
What are the prime factors of 93952245?
3, 5, 19, 329657
What are the prime factors of 45662310?
2, 3, 5, 507359
What are the prime factors of 118728585?
3, 5, 32573
List the prime factors of 13782890.
2, 5, 11, 125299
List the prime factors of 800512250.
2, 5, 3202049
What are the prime factors of 4920848498?
2, 2460424249
What are the prime factors of 301375411?
97, 541, 5743
What are the prime factors of 812277255?
3, 5, 17, 313, 10177
What are the prime factors of 174994769?
19, 9210251
List the prime factors of 105471177.
3, 7, 717491
List the prime factors of 8116331737.
967, 8393311
What are the prime factors of 442417778?
2, 11, 1511, 13309
List the prime factors of 38376350.
2, 5, 767527
List the prime factors of 10304